 base 2
10000
1 (base 9) to base 11
1
Convert 1111 (base 2) to base 5.
30
Convert 9 (base 13) to base 2.
1001
-10 (base 4) to base 16
-4
What is 13 (base 16) in base 4?
103
Convert 1000 (base 2) to base 5.
13
-9e (base 15) to base 4
-2111
What is 2312 (base 4) in base 10?
182
Convert -36 (base 9) to base 8.
-41
41 (base 10) to base 8
51
-c (base 14) to base 4
-30
Convert 3 (base 13) to base 7.
3
What is -8 (base 13) in base 10?
-8
What is -15 (base 15) in base 16?
-14
Convert 9 (base 11) to base 8.
11
3 (base 5) to base 15
3
Convert -2 (base 3) to base 7.
-2
What is -41 (base 5) in base 10?
-21
Convert 18 (base 13) to base 7.
30
Convert 46 (base 8) to base 16.
26
Convert -97 (base 10) to base 8.
-141
What is 111 (base 2) in base 10?
7
-140 (base 5) to base 10
-45
Convert -25 (base 8) to base 11.
-1a
What is 20 (base 4) in base 2?
1000
What is 44 (base 15) in base 3?
2101
251 (base 6) to base 10
103
What is -4 (base 6) in base 10?
-4
What is -10010101 (base 2) in base 12?
-105
Convert -1 (base 10) to base 13.
-1
Convert -8 (base 13) to base 5.
-13
Convert -2 (base 14) to base 16.
-2
-17 (base 8) to base 13
-12
Convert 4a (base 13) to base 4.
332
What is 33 (base 8) in base 16?
1b
11 (base 15) to base 4
100
What is -11 (base 2) in base 4?
-3
Convert -e (base 16) to base 11.
-13
Convert 11 (base 5) to base 14.
6
Convert -134 (base 7) to base 14.
-54
What is -3 (base 5) in base 16?
-3
What is 1c (base 14) in base 6?
42
15 (base 11) to base 15
11
Convert -6 (base 13) to base 10.
-6
What is -3 (base 10) in base 14?
-3
Convert 152 (base 6) to base 2.
1000100
2 (base 11) to base 10
2
23 (base 7) to base 13
14
10 (base 6) to base 5
11
-1 (base 10) to base 14
-1
Convert 38 (base 14) to base 13.
3b
-3 (base 9) to base 8
-3
Convert -21 (base 7) to base 13.
-12
What is 0 (base 15) in base 9?
0
Convert 27 (base 15) to base 2.
100101
58 (base 12) to base 8
104
What is 1 (base 6) in base 11?
1
What is 2 (base 11) in base 13?
2
Convert -3 (base 6) to base 13.
-3
Convert 1 (base 14) to base 2.
1
22 (base 5) to base 11
11
Convert -c8 (base 14) to base 8.
-260
Convert 10 (base 3) to base 14.
3
Convert 6 (base 16) to base 14.
6
What is -30 (base 12) in base 15?
-26
Convert 163 (base 10) to base 13.
c7
Convert -12 (base 5) to base 13.
-7
Convert 10010011 (base 2) to base 5.
1042
64 (base 8) to base 2
110100
-5 (base 10) to base 6
-5
-64 (base 7) to base 11
-42
Convert -e (base 16) to base 13.
-11
What is -103 (base 4) in base 9?
-21
Convert -c (base 13) to base 12.
-10
-1b (base 16) to base 12
-23
Convert 245 (base 8) to base 10.
165
What is 1 (base 11) in base 8?
1
Convert -10 (base 4) to base 11.
-4
What is -27 (base 10) in base 15?
-1c
Convert 0 (base 12) to base 2.
0
7 (base 8) to base 4
13
Convert -1202 (base 3) to base 2.
-101111
What is -16 (base 16) in base 8?
-26
-21 (base 15) to base 9
-34
What is -4 (base 6) in base 2?
-100
Convert 222 (base 4) to base 16.
2a
What is 2 (base 4) in base 11?
2
Convert -1 (base 5) to base 12.
-1
Convert -12 (base 8) to base 6.
-14
Convert 3 (base 8) to base 16.
3
What is -7 (base 14) in base 2?
-111
Convert 2 (base 5) to base 3.
2
What is -292 (base 11) in base 3?
-110201
What is -113 (base 14) in base 10?
-213
Convert -13 (base 6) to base 2.
-1001
65 (base 9) to base 3
2012
Convert 0 (base 14) to base 12.
0
What is 120 (base 9) in base 15?
69
11 (base 2) to base 9
3
What is 2 (base 12) in base 9?
2
Convert -1 (base 11) to base 7.
-1
What is -101 (base 3) in base 16?
-a
What is 4 (base 11) in base 4?
10
7 (base 9) to base 6
11
Convert -12 (base 6) to base 7.
-11
48 (base 10) to base 7
66
-64 (base 11) to base 4
-1012
0 (base 12) to base 10
0
1 (base 14) to base 13
1
Convert 11000 (base 3) to base 15.
73
Convert 83 (base 12) to base 14.
71
What is 2 (base 16) in base 2?
10
Convert -21012 (base 3) to base 5.
-1234
What is -21 (base 8) in base 5?
-32
-11 (base 6) to base 8
-7
10001001 (base 2) to base 12
b5
What is -11 (base 13) in base 6?
-22
6 (base 8) to base 15
6
Convert 30 (base 5) to base 10.
15
What is -10 (base 3) in base 2?
-11
200 (base 3) to base 5
33
What is -111 (base 2) in base 10?
-7
-26 (base 15) to base 7
-51
1 (base 10) to base 7
1
208 (base 10) to base 16
d0
56 (base 15) to base 13
63
70 (base 13) to base 15
61
What is -4 (base 13) in base 10?
-4
What is -75 (base 13) in base 15?
-66
What is 5 (base 12) in base 13?
5
What is 33 (base 14) in base 3?
1200
Convert 13 (base 13) to base 8.
20
What is -124 (base 5) in base 10?
-39
What is -13 (base 9) in base 7?
-15
What is 2 (base 11) in base 6?
2
Convert -5 (base 6) to base 9.
-5
2 (base 13) to base 2
10
Convert 176 (base 10) to base 11.
150
What is -12 (base 10) in base 15?
-c
What is -3 (base 7) in base 11?
-3
Convert -96 (base 10) to base 9.
-116
What is 10121 (base 3) in base 16?
61
What is -e (base 16) in base 5?
-24
Convert 1d (base 14) to base 4.
123
Convert 9 (base 14) to base 4.
21
What is 9 (base 11) in base 10?
9
131 (base 4) to base 5
104
-49 (base 10) to base 9
-54
Convert -288 (base 10) to base 5.
-2123
What is -42 (base 6) in base 11?
-24
-116 (base 10) to base 12
-98
-3 (base 16) to base 7
-3
What is -1 (base 16) in base 5?
-1
What is 10111 (base 3) in base 5?
334
What is 49 (base 15) in base 3?
2120
Convert -a9 (base 12) to base 13.
-9c
What is -1 (base 4) in base 7?
-1
-1 (base 7) to base 11
-1
What is -233 (base 5) in base 14?
-4c
-11001000 (base 2) to base 5
-1300
What is -87 (base 16) in base 8?
-207
1b (base 16) to base 11
25
0 (base 12) to base 8
0
What is 8a (base 12) in base 16?
6a
What is 20001 (base 3) in base 4?
2203
-110 (base 2) to base 11
-6
What is 2 (base 5) in base 15?
2
What is 124 (base 6) in base 13?
40
1 (base 13) to base 12
1
Convert a (base 14) to base 3.
101
-2d (base 14) to base 7
-56
What is 101000011 (base 2) in base 11?
274
What is 33 (base 4) in base 12?
13
What is 3 (base 10) in base 7?
3
What is 221 (base 3) in base 10?
25
18 (base 11) to base 16
13
What is 18 (base 16) in base 12?
20
What is -99 (base 10) in base 6?
-243
What is -5 (base 13) in base 2?
-101
Convert -c5 (base 14) to base 13.
-104
What is 213 (base 4) in base 12?
33
What is -100 (base 2) in base 15?
-4
Convert -3 (base 8) to base 3.
-10
1 (base 14) to base 2
1
Convert 57 (base 8) to base 3.
1202
0 (base 8) to base 10
0
16 (base 8) to base 16
e
What is 2e (base 15) in base 10?
44
Convert 3 (base 16) to base 14.
3
1 (base 9) to base 6
1
What is -5 (base 10) in base 8?
-5
What is 4 (base 12) in base 3?
11
What is -101100 (base 2) in base 7?
-62
Convert 10 (base 6) to base 2.
110
What is -3 (base 6) in base 16?
-3
Convert -313 (base 6) to base 10.
-117
Convert -11 (base 4) to base 9.
-5
What is 2 (base 6) in base 12?
2
Convert 1110 (base 2) to base 16.
e
What is -a (base 12) in base 6?
-14
-32 (base 5) to base 4
-101
Convert -241 (base 12) to base 4.
-11101
Convert 3 (base 4) to base 6.
3
-18 (base 9) to base 13
-14
-1 (base 13) to base 11
-1
-3 (base 7) to base 12
-3
What is -3 (base 7) in base 11?
-3
56 (base 13) to base 7
131
What is -33 (base 6) in base 3?
-210
Convert -8 (base 13) to base 11.
-8
Convert -3 (base 13) to base 3.
-10
Convert -7 (base 16) to base 6.
-11
What is 27 (base 16) in base 13?
30
11b (base 13) to base 16
c1
21 (base 13) to base 3
1000
6 (base 15) to base 12
6
What is -122 (base 10) in base 8?
-172
What is 11 (base 4) in base 14?
5
What is 3 (base 15) in base 4?
3
What is 100220 (base 3) in base 4?
10023
What is 171 (base 14) in base 5?
2140
What is 23 (base 9) in base 6?
33
What is 43 (base 9) in base 6?
103
What is 45 (base 7) in base 3?
1020
Convert 9b (base 14) to base 13.
a7
What is 4 (base 11) in base 8?
4
Convert -3 (base 13) to base 6.
-3
-122 (base 3) to base 6
-25
What is e (base 16) in base 3?
112
What is 1 (base 11) in base 16?
1
2 (base 3) to base 10
2
-c3 (base 15) to base 9
-223
Convert -1 (base 15) to base 12.
-1
What is 156 (base 12) in base 5?
1320
-10 (base 3) to base 5
-3
-3 (base 6) to base 16
-3
What is 9a (base 15) in base 5?
1040
3 (base 6) to base 15
3
What is 23 (base 4) in base 6?
15
-3 (base 8) to base 6
-3
Convert 1 (base 6) to base 3.
1
What is -158 (base 12) in base 2?
-11010100
Convert 144 (base 9) to base 14.
89
10 (base 3) to base 14
3
What is -4 (base 10) in base 6?
-4
2 (base 13) to base